2) + 1 - (-2)/l?
2, 5
Suppose c = 10*c - 41688. What are the prime factors of c?
2, 3, 193
Let g(o) = 5 - 3*o - 1 + 37*o. Let r = 7 + -4. List the prime factors of g(r).
2, 53
Suppose -3*y + 501 + 1590 = 0. Let a = -414 + y. What are the prime factors of a?
283
Let d be (2 - 812) + ((-24)/4 - -9). Let u = 1158 + d. List the prime factors of u.
3, 13
List the prime factors of (-174606)/(-18) - (-4 + (-50)/(-15)).
89, 109
What are the prime factors of 5/(30488/(-45736) + 26/39)?
3, 5, 5717
Suppose 4*c - 25932 = -4*j, -j + 2*c + c + 6463 = 0. List the prime factors of j.
2, 41, 79
Suppose 10*x - 9*x - 84 = 0. Let r = x - 38. Let t = -3 + r. What are the prime factors of t?
43
Suppose -x = -0*x + 2, -2*x = -5*o + 124. Let b(m) = -o + 0 + 14*m**2 + 195*m - 193*m - m**3. List the prime factors of b(14).
2
List the prime factors of (103 + -104)/(1/(-2 - (11196 - 3))).
5, 2239
Let r(h) = -170*h + 743. List the prime factors of r(-109).
19273
Suppose 17*h = -10230 + 200477. List the prime factors of h.
19, 31
Suppose 2*g = -8, -5*n - 3*g = -2*g + 24. Let k be (n/(-8))/((-3)/(-6)). List the prime factors of (81/k - 1) + 0.
2, 5
Suppose 4*a + 3*n - 127178 = 0, 4*n = 55*a - 57*a + 63574. What are the prime factors of a?
31799
Suppose -3*o + 64 = 4*h - 20, -h - 2*o + 31 = 0. What are the prime factors of h?
3, 5
Let d(v) = 22*v - 15. Let o(u) be the second derivative of 15*u**3/2 - 29*u**2/2 + 16*u. Let i(h) = 9*d(h) - 4*o(h). List the prime factors of i(8).
5
Suppose 0 = r - 2*i - 431, -3*r + 1302 = 3*i - 6*i. Let a = r - 79. List the prime factors of a.
2, 179
Suppose 0 = -k - 3*k + 1624. Let b = k + -166. What are the prime factors of b?
2, 3, 5
Suppose 0 = 4*z - 256764 + 7600. List the prime factors of z.
167, 373
Let f be (-129)/(-12) - 1/(-4). Let r(v) = 83 - 41 - 3*v + v**3 - 31 - 24 - 10*v**2. List the prime factors of r(f).
3, 5
Let l be (-42)/9 + 4/(-12). Let t(i) be the first derivative of -2*i**2 - 15*i - 17. List the prime factors of t(l).
5
What are the prime factors of (-113)/(-12 + (-642)/(-54))?
3, 113
Let n be 2/9 - 2960/36. Let g = 43 + n. List the prime factors of (-121)/(-3) - (-13)/g.
2, 5
Let q(f) = f + 6 - 5 + 3*f**2 - f**2 - f**2. Let b be q(2). List the prime factors of ((-68)/b)/(4/(-14)).
2, 17
Suppose -4*y + 16 + 4 = 0. Suppose -w - 176 = -y*w. What are the prime factors of w?
2, 11
Suppose 73 - 253 = -6*i. Let s = 33 - i. Suppose -n = -s, 3*l + 4*n = 7*l - 212. List the prime factors of l.
2, 7
Let j = -52 - -43. Let w(f) = -9*f**2 - 4*f + 17. Let q(z) = -4*z**2 - 2*z + 9. Let v(a) = -5*q(a) + 2*w(a). What are the prime factors of v(j)?
7, 19
Suppose 3*k = 8*k. Let y(f) = -2*f - 26. Let x(i) = -1. Let t(g) = -3*x(g) - y(g). What are the prime factors of t(k)?
29
Let b(f) be the first derivative of 7*f**4/2 - 4*f**3/3 - 2*f**2 - 3*f + 38. Let s be b(4). Let x = s + -577. List the prime factors of x.
2, 59
Suppose -2*s = -2*d + 14864, 4*s = 3*d + 2*s - 22296. What are the prime factors of d?
2, 929
Let v(g) = -g**3 - g - 1. Let z(x) = 3*x**3 - 11*x**2 + 27*x + 12. Let w(a) = -4*v(a) - z(a). What are the prime factors of w(-10)?
2, 7, 23
Suppose -c = -31 + 273. Let g = 335 + c. List the prime factors of g.
3, 31
List the prime factors of (42860 - (6 + -8)) + (-3 - 0 - -4).
42863
Let a(l) = -3428*l - 2323. What are the prime factors of a(-10)?
31957
Suppose -4*t = -2619 + 555. Suppose -72 = -4*o + t. What are the prime factors of o?
3, 7
Let c = -4866 - -4812. Let q(r) = -15*r**2 - r. Let u be q(-1). What are the prime factors of (-1)/2 + u/8*c?
2, 47
Suppose 461*b = 459*b + 60. Suppose 0 = -15*o - b + 1665. What are the prime factors of o?
109
List the prime factors of (-5)/20 + (-26)/((-1144)/497343).
89, 127
Suppose 3*n - 53 = -4*t + 3, -3*t + 29 = -n. Suppose -210 = 6*w - t*w. Suppose 2*b + 3*z = 2*z + 22, -w = -4*b - z. List the prime factors of b.
2, 5
Suppose 77*h + 1248 = 81*h. List the prime factors of (-14)/16 + 1 + 276393/h.
2, 443
Let j(v) = -v**3 - 20*v**2 - 24*v + 45. Let w be j(-20). Let c = w + 481. What are the prime factors of c?
2, 503
Let f(l) = l**2 - 4*l - 9. Let c be f(6). Suppose 3*i - 9 = -c. Suppose -3*a - 14 + 1 = -i*x, -4*x = -3*a - 41. What are the prime factors of x?
2, 7
Let a(s) be the second derivative of -s**3 + 257*s**2/2 + 27*s - 2. List the prime factors of a(-7).
13, 23
Let b be (-1495)/69 + 2/(-6). Let a = b + 24. Suppose -5*v + 0*z + 397 = -z, 0 = a*v + 5*z - 175. What are the prime factors of v?
2, 5
Let i = 21245 - 14848. List the prime factors of i.
6397
Let g(l) = -13*l - 74. Let p be g(-25). Suppose 0 = 10*r - 489 - p. What are the prime factors of r?
2, 37
Suppose g + 18*x - 11*x - 3429 = 0, -x - 10265 = -3*g. List the prime factors of g.
2, 29, 59
Let j(w) = w**2 + 6*w - 15. Let o be (0/2 - -2) + 1. Suppose -2*m - 50 = o*m. List the prime factors of j(m).
5
Let u = -101 - -107. List the prime factors of (-2 + 1358)/u - -2.
2, 3, 19
Suppose -3*b - 5 = z - 9, -5*b - 4*z = -16. Let s(k) = -k**2 + 5*k + 266. What are the prime factors of s(b)?
2, 7, 19
Let r(j) = 25*j**2 - 1002*j - 9. What are the prime factors of r(45)?
2, 3, 307
Suppose r + 4 = 0, -5*m + 325 = 2*r - 62. Suppose 4*b + 2*p + 99 - 427 = 0, m = b + 2*p. What are the prime factors of b?
83
Let c = -16 + -10. Let g = -995 - -774. List the prime factors of c/g - (-1492)/34.
2, 11
List the prime factors of (1 + 338/26)*(0 + 604).
2, 7, 151
Suppose -r - 4*x + 52 = 3*r, -2*x - 14 = -2*r. Suppose 4*n - 4*m = 1280, -3*n + 5*m - r*m = -936. What are the prime factors of n?
317
What are the prime factors of (3/7*-12678)/((-198)/924)?
2, 3, 2113
Let u(s) = s**3 - s**2 - s + 1. Let t be u(1). Suppose t*d = -8*d + 24. What are the prime factors of -7 + d - (218 + 1)*-1?
5, 43
Let w = -76 - -104. Suppose 0 = 31*b - w*b. Suppose -2*q + 194 = -b*q. List the prime factors of q.
97
Let f be (2 - 2/6)*-15*72/(-600). Let w(p) = -6*p + 50*p - 6 - 2. List the prime factors of w(f).
2, 31
Suppose 9*s - 18513 = -0*s. What are the prime factors of (-123)/(-164) + s/4?
5, 103
Let f = -123 + 125. Suppose 0 = 4*w - 4*r - 164, -6*w - f*r + 123 = -3*w. What are the prime factors of w?
41
Suppose -b - 4*i + 1627 = 0, 2*i - 418 = 4*b - 6944. What are the prime factors of b?
7, 233
Suppose 2*k + 3*g + 134 = 0, 5*k + 0*g = -2*g - 346. Let n = k + 132. Suppose 0 = n*a - 59*a - 153. List the prime factors of a.
3, 17
Let y(o) be the second derivative of 0 - 1/12*o**4 + 14*o**2 + 11/3*o**3 + 9*o. List the prime factors of y(19).
5, 17
Let i(j) be the second derivative of -j**5/20 + 7*j**4/12 + 4*j**3/3 + j**2 - 22*j. Let g be i(8). Let v = 4 + g. List the prime factors of v.
2, 3
List the prime factors of (-4 + -10814)/2*-1.
3, 601
Let b be (-2)/7 + 1586/14. Let q = b + -62. List the prime factors of q.
3, 17
Suppose 42 = 5*n + 17. Suppose -23 = 3*f + 2*h - n, 0 = -f + 3*h - 6. List the prime factors of (-31)/(-2) + (-3)/f.
2
Suppose -205*z - 2808 = -196*z. Let n = 1148 - z. List the prime factors of n.
2, 5, 73
Suppose 0 = 5*f - 3*v - 73597, -88350 = -6*f + 14*v - 16*v. What are the prime factors of f?
14723
Suppose -4*x - 3*l = -25, 2*x - l + 0*l = 5. Suppose 2*u - x*o + o = 550, -2*o + 8 = 0. What are the prime factors of u?
281
Suppose -3*q - 133 = 5*a + 44, -2*q - 107 = 3*a. List the prime factors of a/77 + 78/(-14) + 249.
3
Let q be -7 - -14 - (-1 + 18). Let y be (-2)/(((-9)/(-3))/(-3)). List the prime factors of (y - 1) + 22 + q.
13
Let y = -37 + 28. Let n(x) = -6*x - 28. Let o be n(y). Suppose o*b = 28*b - 68. What are the prime factors of b?
2, 17
Let r = -1296 + 4058. Suppose -5*q + t + r = 0, -4*q + 707 = -4*t - 1509. List the prime factors of q.
2, 3, 23
Suppose 964 = -7*x - 429. Suppose -3*u = -r + 276, -4 = u - 3*u. Let o = x + r. List the prime factors of o.
83
Let i = -1049 - -1541. Suppose 0*k = 2*x - 4*k + i, -5*k = -3*x - 741. Let t = -79 - x. List the prime factors of t.
173
Suppose -3*o - 163 = -5*w, 2*o = w + 3*w - 130. Suppose -w*b = -28*b - 12. Suppose -2*v = -2*g - 182, b*v = -4*g + 9*g + 265. List the prime factors of v.
5, 19
What are the prime factors of (-2 - 348)*13/((-520)/368)?
2, 5, 7, 23
Let z = -102 - -116. Let x(f) = f**3 - 18*f**2 + 21*f + 1. Let l be x(z). Let m = l - -729. What are the prime factors of m?
2, 3, 5
Let